- o = 3*r. What are the prime factors of g?
3, 5
Let x = -526 - -10184. What are the prime factors of x?
2, 11, 439
Let n(d) = -d**3 - 19*d**2 - 25*d - 39. Let i be n(-19). Suppose -i = -3*j + 2*h, -h - 6 = -10. List the prime factors of j.
2, 37
Let n = 341 - 294. Suppose -4094 = 43*w - n*w + 2*o, -5*w - 3*o = -5090. List the prime factors of w.
1021
Let l(n) be the first derivative of n**4/4 + 3*n**3 - 13*n**2 - 17*n - 20. What are the prime factors of l(-8)?
3, 5, 17
Suppose 17*o + 30196 - 134083 = 0. What are the prime factors of o?
3, 7, 97
Suppose 589*c - 590*c + 3051 = 2*q, -3*c - 3*q = -9150. List the prime factors of c.
3049
What are the prime factors of (-12809)/(-7) + (-101)/(-707)?
2, 3, 5, 61
Suppose 172512 = 24*h + 28008. What are the prime factors of h?
3, 223
Let g(q) = 324*q - 172. Let w(r) = r - 7. Let p(j) = 2*g(j) - 72*w(j). What are the prime factors of p(2)?
2, 41
Suppose -40*z + 528814 = 33*z - 1024115. What are the prime factors of z?
3, 7, 1013
Let b(u) = 26*u**2 - 342*u - 28. List the prime factors of b(43).
2, 5, 1667
Let d = 1316 + -933. Let a = d + -139. What are the prime factors of a?
2, 61
Let g = -12 - 4. List the prime factors of (-4 - (-2744)/g)/(1/(-2)).
3, 13
Let w be 272055/42*4/5. Suppose w = -24*k + 24814. What are the prime factors of k?
2, 409
Let k(z) = -z**3 + 17*z**2 - 4*z + 11. Let y be k(15). Let j = -11 + y. What are the prime factors of j?
2, 3, 5, 13
Let w be (-2392)/(-40) + 3/15. Suppose -8*k - w = -10*k. List the prime factors of 2*-1*(-915)/k.
61
Let d(i) = -i**3 + i**2 + i + 3. Suppose -4*k + 9*k = 0. Let j be d(k). What are the prime factors of (j/1)/(1/25)?
3, 5
Suppose 0 = -2*d + 2*c, -5*c + 6 = -0*d - 2*d. Let m be (d/4 + (-7)/7)*434. What are the prime factors of -1*(3 + -2 + m)?
2, 3
Let t = 468 - 696. Let z = 1639 + t. What are the prime factors of z?
17, 83
Let z(d) = 3*d**2 + 16*d - 29. Let f be z(7). Let l = -123 + f. What are the prime factors of l?
107
Let a(b) = -5*b**3 + 141*b - 2*b**2 - 143*b + 10*b**3 - b**2. Let u be a(6). Suppose 6*i - u = i. List the prime factors of i.
2, 3
Suppose 1 = -4*d + 5*d. List the prime factors of (658/d - -8)*(-1 + 2).
2, 3, 37
Suppose 8*t - 7*t - 4*o + 524 = 0, 2*t + 2*o + 1088 = 0. Let u = t + 1282. List the prime factors of u.
2, 7, 53
Suppose 4*k + 109258 = 3*n, 16*n - 21*k + 72886 = 18*n. List the prime factors of n.
2, 18211
Let t(v) = 0*v**3 - 11*v + 41 - 24 + 7*v**2 - 3 - v**3. Let s be t(6). Let i = s - -173. List the prime factors of i.
157
Let s be (-36990)/75*(-25)/10. Suppose 4*v + 3*k - 1408 = 0, 5*v + k = 516 + s. What are the prime factors of v?
349
Suppose -5*v - 68650 + 202782 + 64173 = 0. What are the prime factors of v?
17, 2333
List the prime factors of (-19778)/(-1) + (-5)/(9 - 4) + 3.
2, 5, 23, 43
Suppose 2*j + 37482 = 3*f, -65*f - 4*j - 37476 = -68*f. List the prime factors of f.
2, 11, 71
Let n = -56 + 56. Suppose -3*s + 2*p + n*p = 1436, 3*p = -15. What are the prime factors of s*1/(-2) - 2*-2?
5, 7
Let c(o) = -3 + 3 - 7*o - 12. Let g be c(-2). Suppose -2*v + 5*t + 81 = 0, -4*v - t + 111 = -g*v. What are the prime factors of v?
53
Suppose 132*j = -132*j + 237*j + 211005. List the prime factors of j.
3, 5, 521
Let j(t) = 23*t**2 + 40*t - 28. List the prime factors of j(20).
2, 3, 277
Let o = -39 + 42. Let v = -22 + 25. Suppose v*n + n + b - 37 = 0, 5*n + o*b - 55 = 0. List the prime factors of n.
2
Suppose 3*x = 3, -5*x + 0*x = l - 28. Suppose 2*v + 5 = l. Suppose 3*y = 114 - v. What are the prime factors of y?
5, 7
Let t(i) = -29*i**2 - 23*i + 70. Let v(l) = -15*l**2 - 11*l + 36. Let h(f) = -4*t(f) + 7*v(f). What are the prime factors of h(9)?
2, 499
Let c(l) = 7590*l**2 - 73*l - 9. Let n(m) = 1265*m**2 - 12*m - 2. Let h(g) = -2*c(g) + 13*n(g). List the prime factors of h(-1).
7, 181
Let x be 2431/68 + (-2)/(-8). Let d be (x/6)/(((-4)/7)/(-2)). Let u = d + 61. List the prime factors of u.
2, 41
Let f be 2/5 - ((-1532)/20 - -4). Let j = f + -70. Let k(u) = -u**3 + 4*u**2 - 2*u + 3. List the prime factors of k(j).
2, 3
Let c be 0*((-3)/1 + (-14)/(-4)). Suppose c = 4*d - 5*d + 82. Let a = 5 + d. List the prime factors of a.
3, 29
Let n be (-5746)/(-5) - (-18)/(-90). Let p = -664 + n. List the prime factors of p.
5, 97
Let c = -428 - -433. Suppose c*x + 771 - 4926 = 0. List the prime factors of x.
3, 277
What are the prime factors of (93/12*1)/((-4)/(-1648))?
31, 103
Suppose -118*h = -3*h - 1218770. List the prime factors of h.
2, 7, 757
Let a(l) = 49*l**3 - l + 2. Let k(p) be the first derivative of p**2 - 19*p + 4. Let c be k(10). List the prime factors of a(c).
2, 5
Let j be (-23 - -9)*2/(-4). Suppose -810 = -j*t + 1731. List the prime factors of t.
3, 11
Suppose 0*r + 24 = 3*r. Suppose 19*u = 17*u + r. Suppose -301 = -u*t + 247. List the prime factors of t.
137
Let s = -397 + 400. Suppose 3*w = 5*r + 5195, 5187 = 15*w - 12*w + s*r. What are the prime factors of w?
2, 5, 173
Let y = 13265 + -5505. List the prime factors of y.
2, 5, 97
Let k be (56/10 + 8)/(4/(-10)). Let m be -205 + 0 + 10/(-5). Let i = k - m. List the prime factors of i.
173
Let r = 52089 + -31999. What are the prime factors of r?
2, 5, 7, 41
Let l = -395 + 562. Suppose -2*f + 2*x = -679 - l, -3*x - 12 = 0. List the prime factors of f.
419
Let k be (1 + 1)*2/4. Suppose 160*s + 752 = 66*s. What are the prime factors of (k/1)/(s/(-928))?
2, 29
Let v be ((-4)/(-4))/(2/106). Suppose -v*b - 10700 = -37677. What are the prime factors of b?
509
Let l = -68266 - -143792. List the prime factors of l.
2, 11, 3433
Let y(v) be the third derivative of -3*v**4/8 + 26*v**3/3 - 4*v**2 + 8. What are the prime factors of y(5)?
7
Suppose 0 = a - 3*z + 12, -25*z - 6 = 2*a - 22*z. What are the prime factors of (-6)/9*-3*(-1401)/a?
467
Let b(i) = -i**3 - 78*i**2 + 75*i - 260. What are the prime factors of b(-80)?
2, 3, 5, 109
Suppose -13*w + 1710 + 1683 = 0. Let h = -145 + w. Suppose 9*t - 55 = h. List the prime factors of t.
19
Suppose 69 = -9*x + 32*x. What are the prime factors of x/12 - (-19071)/36?
2, 5, 53
Let o(g) = 29*g**2 - 61*g + 703. List the prime factors of o(12).
11, 13, 29
Let y = 1415 - -2983. List the prime factors of y.
2, 3, 733
Let g(i) = -16*i - 12*i - 231 + 8*i + 164. What are the prime factors of g(-12)?
173
Let m(a) = -34*a - 60. Let k(u) = -u**3 + 12*u**2 - 19*u - 15. Let l be k(10). List the prime factors of m(l).
2, 5, 11
Suppose 0 = 4*n + 1 - 21. Suppose -4*u = 2*q - 201 - 33, -q - 303 = -n*u. Suppose 2*i - u = 102. What are the prime factors of i?
3
Let t(h) = 39*h**2 + 21*h - 81. Let n = 86 - 82. List the prime factors of t(n).
3, 11, 19
Let c(v) = -6*v + 144. Let u be c(37). Let i = 909 + u. What are the prime factors of i?
3, 277
Let u(i) = -282*i - 1067. What are the prime factors of u(-25)?
31, 193
Let k = 196 - 80. Suppose 4*b - 5*t - 43 = 111, -3*b = -4*t - k. What are the prime factors of b?
2, 3
Suppose h = -h + 8. Suppose h*x - 5*x = -a + 111, a - 2*x - 109 = 0. Let m = 216 - a. What are the prime factors of m?
103
Suppose 0 = -2*w + 10866 - 1110. Suppose -w = -7*p - 11*p. List the prime factors of p.
271
Suppose -128*c - 1230 = -132*c + 3*l, -c + l + 307 = 0. What are the prime factors of c?
3, 103
Suppose 0 = 2*k - 4, -4*z - k = -0*k - 10. Suppose -5*n - z*h - h = -1543, 5*h = -4*n + 1224. List the prime factors of n.
311
Suppose 0*y + 14 = y. Let t be (-21)/y*(-1936)/6. Suppose -44 = 5*o - t. List the prime factors of o.
2, 11
What are the prime factors of 6439 - 0 - (-196 - -185)?
2, 3, 5, 43
Let f = 34224 + -14268. List the prime factors of f.
2, 3, 1663
Suppose 3*k - 3*d = 102702, 2*d - 85202 = -5*k + 85940. What are the prime factors of k?
2, 3, 5, 7, 163
Let n(k) = 129*k**2 - 4*k + 2. Let v(h) = 6*h - 5. Let x be v(1). Let c be n(x). Suppose o + 2*j - c = 0, -2*j - j - 519 = -4*o. List the prime factors of o.
3, 43
Let w(z) = 142*z**2 - 38*z - 262. List the prime factors of w(-7).
2, 59
Suppose 0 = 6*o + 42, -230*o + 225*o = -k + 55151. List the prime factors of k.
2, 3, 1531
Suppose 3*z + 19 - 25 = 0. Suppose 1474 = 4*l + 2*x, 0 = -5*l + z*x + 2189 - 324. List the prime factors of l.
7, 53
Let k(v) = 5*v**3 - 4*v**2 + 8*v - 1. Let p be (6/(-14) - (-1)/7)*-14. What are the prime factors of k(p)?
7, 41
Let a = 465 - 204. Sup